?
1
What is the ten millions digit of 12615716?
1
What is the thousands digit of 7624813?
4
What is the thousands digit of 72673?
2
What is the millions digit of 23661597?
3
What is the ten thousands digit of 302039?
0
What is the units digit of 109024?
4
What is the ten thousands digit of 8060034?
6
What is the units digit of 1170388?
8
What is the tens digit of 1464343?
4
What is the millions digit of 5913470?
5
What is the units digit of 272613?
3
What is the hundred thousands digit of 1940118?
9
What is the thousands digit of 7064753?
4
What is the units digit of 43992?
2
What is the tens digit of 6686198?
9
What is the hundreds digit of 120658?
6
What is the ten thousands digit of 6414971?
1
What is the ten thousands digit of 6811957?
1
What is the thousands digit of 597309?
7
What is the millions digit of 4379152?
4
What is the millions digit of 5317848?
5
What is the tens digit of 822469?
6
What is the hundred thousands digit of 12030677?
0
What is the units digit of 5551466?
6
What is the units digit of 193737?
7
What is the millions digit of 4576188?
4
What is the ten thousands digit of 22562665?
6
What is the hundred thousands digit of 1154897?
1
What is the hundred thousands digit of 188185?
1
What is the ten thousands digit of 115324?
1
What is the thousands digit of 95969?
5
What is the thousands digit of 14741792?
1
What is the units digit of 56577?
7
What is the tens digit of 3732692?
9
What is the hundred thousands digit of 1278203?
2
What is the ten thousands digit of 151752?
5
What is the units digit of 74696?
6
What is the tens digit of 9368752?
5
What is the ten thousands digit of 1355906?
5
What is the tens digit of 271034?
3
What is the tens digit of 13768449?
4
What is the units digit of 98768?
8
What is the ten thousands digit of 52336?
5
What is the tens digit of 13922123?
2
What is the ten thousands digit of 28197372?
9
What is the thousands digit of 1584638?
4
What is the hundred thousands digit of 1665875?
6
What is the hundreds digit of 2375139?
1
What is the ten millions digit of 10017730?
1
What is the ten thousands digit of 294255?
9
What is the hundred thousands digit of 1886299?
8
What is the hundreds digit of 2740071?
0
What is the thousands digit of 212941?
2
What is the tens digit of 257324?
2
What is the thousands digit of 220143?
0
What is the hundreds digit of 2049041?
0
What is the hundreds digit of 809254?
2
What is the hundreds digit of 12615435?
4
What is the millions digit of 3123665?
3
What is the thousands digit of 1158138?
8
What is the tens digit of 231211?
1
What is the hundred thousands digit of 1287339?
2
What is the millions digit of 9985028?
9
What is the units digit of 2991681?
1
What is the tens digit of 167317?
1
What is the units digit of 16506650?
0
What is the hundred thousands digit of 137756?
1
What is the ten thousands digit of 284790?
8
What is the thousands digit of 22057202?
7
What is the tens digit of 6390294?
9
What is the millions digit of 7916050?
7
What is the ten thousands digit of 5387221?
8
What is the tens digit of 189281?
8
What is the ten thousands digit of 1881079?
8
What is the ten thousands digit of 5299140?
9
What is the tens digit of 278721?
2
What is the hundreds digit of 5849195?
1
What is the units digit of 1007469?
9
What is the hundreds digit of 8840?
8
What is the millions digit of 1597176?
1
What is the units digit of 995143?
3
What is the thousands digit of 1758793?
8
What is the ten thousands digit of 190540?
9
What is the hundred thousands digit of 201389?
2
What is the tens digit of 717674?
7
What is the hundreds digit of 1378371?
3
What is the ten millions digit of 21490490?
2
What is the units digit of 11956234?
4
What is the hundreds digit of 8362?
3
What is the millions digit of 2089414?
2
What is the hundreds digit of 607495?
4
What is the ten thousands digit of 3920390?
2
What is the tens digit of 121558?
5
What is the ten thousands digit of 671911?
7
What is the units digit of 1248687?
7
What is the thousands digit of 4614577?
4
What is the tens digit of 4745179?
7
What is the thousands digit of 3679372?
9
What is the tens digit of 223443?
4
What is the thousands digit of 545865?
5
What is the units digit of 1152875?
5
What is the hundreds digit of 204901?
9
What is the units digit of 168181?
1
What is the thousands digit of 15455567?
5
What is the ten thousands digit of 33570971?
7
What is the ten thousands digit of 537967?
3
What is the tens digit of 68475?
7
What is the thousands digit of 411286?
1
What is the hundred thousands digit of 17528539?
5
What is the thousands digit of 970054?
0
What is the hundred thousands digit of 1148328?
1
What is the hundred thousands digit of 451765?
4
What is the thousands digit of 287670?
7
What is the ten thousands digit of 347863?
4
What is the units digit of 114824?
4
What is the thousands digit of 3870180?
0
What is the hundreds digit of 368083?
0
What is the thousands digit of 1313777?
3
What is the hundreds digit of 237430?
4
What is the thousands digit of 349808?
9
What is the units digit of 968047?
7
What is the tens digit of 4648340?
4
What is the hundreds digit of 349515?
5
What is the hundreds digit of 1266076?
0
What is the hundred thousands digit of 9663949?
6
What is the ten thousands digit of 373072?
7
What is the ten thousands digit of 232840?
3
What is the tens digit of 19448?
4
What is the units digit of 809358?
8
What is the tens digit of 2998986?
8
What is the ten thousands digit of 219127?
1
What is the ten thousands digit of 2444880?
4
What is the units digit of 903707?
7
What is the hundred thousands digit of 2108999?
1
What is the hundred thousands digit of 183127?
1
What is the tens digit of 2923175?
7
What is the units digit of 215613?
3
What is the thousands digit of 862566?
2
What is the millions digit of 22837962?
2
What is the hundreds digit of 113949?
9
What is the ten thousands digit of 594773?
9
What is the units digit of 254246?
6
What is the units digit of 22423546?
6
What is the ten thousands digit of 619362?
1
What is the hundreds digit of 17755681?
6
What is the tens digit of 4105354?
5
What is the ten thousands digit of 1395484?
9
What is the hundred thousands digit of 10777907?
7
What is the millions digit of 9663502?
9
What is the ten thousands digit of 4815144?
1
What is the millions digit of 29870474?
9
What is the hundred thousands digit of 408815?
4
What is the ten thousands digit of 38471?
3
What is the thousands digit of 40933270?
3
What is the units digit of 4363022?
2
What is the ten thousands digit of 2774634?
7
What is the ten thousands digit of 2038717?
3
What is the units digit of 4367494?
4
What is the tens digit of 7587?
8
What is the hundreds digit of 18019332?
3
What is the tens digit of 980303?
0
What is the tens digit of 9720519?
1
What is the hundreds digit of 179408?
4
What is the thousands digit of 461572?
1
What is the hundred thousands digit of 336624?
3
What is the units digit of 21843?
3
What is the hundred thousands digit of 2762119?
7
What is the ten millions digit of 12331801?
1
What is the tens digit of 2007446?
4
What is the hundreds digit of 363951?
9
What is the millions digit of 1604839?
1
What is the hundreds digit of 948282?
2
What is the units digit of 20579089?
9
What is the hundred thousands digit of 948007?
9
What is the units digit of 5438471?
1
What is the hundred thousands digit of 167037?
1
What is the thousands digit of 59049?
9
What is the millions digit of 4374155?
4
What is the tens digit of 734547?
4
What is the tens digit of 90097?
9
What is the millions digit of 1930802?
1
What is the ten thousands digit of 7155499?
5
What is the thousands digit of 422876?
2
What is the hundreds digit of 767203?
2
What is the tens digit of 2854806?
0
What is the thousands digit of 159991?
9
What is the ten thousands digit of 212646?
1
What is the thousands digit of 6381514?
1
What is the tens digit of 258038?
3
What is the hundreds digit of 683014?
0
What is the hundreds digit of 240354?
3
What is the hundreds digit of 3923899?
8
What is the millions digit of 2280946?
2
What is the units digit of 193341?
1
What is the tens digit of 134505?
0
What is the hundreds digit of 143701?
7
What is the hundred thousands digit of 307979?
3
